*3 - 6*q**2 - q + 2. Let x = -39 - -46. Let g be o(x). Calculate the greatest common factor of g and w.
4
Let l = 24 - 16. Let p = -157 - -221. Calculate the greatest common factor of p and l.
8
Let h(j) = j + 12. Let f be h(-7). Suppose -74 = -f*n + 151. What is the highest common factor of n and 9?
9
Let g = 21 + 0. Calculate the greatest common divisor of g and 21.
21
Suppose o = 3*o - 300. Calculate the highest common factor of 30 and o.
30
Let n be 3 + 2/(3 - 1). Let i be (n*-1)/(1 + -2). Suppose 4*c = -r + 35, -4*r - 22 = -5*c + 6. Calculate the highest common factor of i and c.
4
Suppose 2*y + 9 = -y. Let t = y + 5. Suppose t*x - 4*c = c + 19, 3*c = 4*x - 31. Calculate the highest common factor of 77 and x.
7
Suppose 2*n - x = 7, 2*x - 10 = -0*x. Suppose -156 = -5*a - n. What is the greatest common divisor of a and 20?
10
Let f(p) be the third derivative of -17*p**4/24 - p**3/6 - 7*p**2. Let r be f(-1). Calculate the greatest common factor of 24 and r.
8
Let p = 67 + -17. Calculate the greatest common factor of p and 20.
10
Suppose -3*f = -2*p - 6, -f + 2*f - 16 = -4*p. Suppose 2 = p*g - 4. Let o be (5/g - 2)*154. Calculate the highest common factor of o and 11.
11
Let c = -6 + 8. Let o be (2/c - -1) + 1. Calculate the highest common factor of o and 6.
3
Let f(u) = -u**2 + 9*u + 13. Let b be f(9). What is the greatest common factor of 78 and b?
13
Let v(s) = -s**2 - s - 1984. Let j be v(0). Let q be j/(-22) - (-20)/(-110). What is the highest common divisor of q and 18?
18
Suppose 0 = 3*d - 2*n - 84, 0 = 2*d - 2*n + 7*n - 75. Let r be (-90)/12*16/(-6). Calculate the highest common factor of d and r.
10
Let p = 75 - 48. What is the highest common divisor of 3 and p?
3
Let v = -19 - -24. Calculate the highest common divisor of v and 25.
5
Suppose -5*m + 111 = -49. What is the highest common divisor of 48 and m?
16
Let l(u) = 2*u**2 - 5*u + 6. Let z = -3 + 4. Let j be z*4 + (9 - 9). Let q be l(j). What is the greatest common divisor of q and 90?
18
Let h be (3 - 0)/(-1 - 0). Let d be (-2 - h) + (1 - -6). What is the greatest common divisor of 16 and d?
8
Let z = 10 + -7. Suppose n = -z*n + 240. Suppose 0 = -5*p - 2*j + 52, -j + 20 = 2*p - 0. What is the highest common divisor of n and p?
12
Suppose 8 = -4*q + 24. What is the highest common factor of 8 and q?
4
Suppose 5*n = -o - 1369, -817 = 4*n - n + 5*o. Let y = -162 - n. What is the highest common factor of y and 14?
14
Suppose -f + 41 = -4*g, -2*g - 16 = f + 3*f. Let o = -3 - g. Suppose -i = -4*s + 30, 2*i = -8 + 4. Calculate the greatest common factor of o and s.
7
Let n be 8/(-6)*-12 + 2. Let x be ((-12)/(-9))/2*n. Calculate the highest common factor of 24 and x.
12
Let i be 70/(-1)*3*(-8)/48. What is the highest common factor of i and 21?
7
Let j(i) = -i**3 + 9*i**2 + 14*i + 5. Let b be j(10). Suppose 4*m - b - 11 = 0. What is the greatest common factor of 56 and m?
14
Suppose 4*w - 170 - 214 = 0. Calculate the greatest common divisor of w and 32.
32
Let t = 108 + -96. Let j = -12 - -36. What is the highest common divisor of t and j?
12
Let k = 6 - 26. Let f be (k/15)/(2/(-18)). Let a(z) = 2*z**2 - 5*z - 1. Let x be a(-7). Calculate the greatest common divisor of f and x.
12
Let k(g) = g**2 - g + 5. Let r be k(0). Suppose -3*c - 16 = 17. Let v = r - c. Calculate the greatest common factor of 4 and v.
4
Let v be (36/(-15) + 2)*-30. Let p = 0 - v. Let z be (p + 1)*-1*1. What is the greatest common factor of 11 and z?
11
Suppose -5*z = -5*s - 80, -34*z + 39*z + 2*s - 45 = 0. Let m(d) = 12*d**2 + 3*d. Let c be m(-3). What is the highest common divisor of z and c?
11
Let h(u) = u**2 - u + 2. Let g be h(0). Suppose -3*l + g = -10, -2*l = 3*k - 20. What is the greatest common factor of 16 and k?
4
Let j = 4 + 12. What is the greatest common factor of j and 112?
16
Let m be 1/4 - (-3)/(-12). Let q(r) = -17*r**3 - r + m*r + 18*r**3 + 14 - r**2. Let v be q(0). Calculate the greatest common factor of v and 14.
14
Suppose 49 = 5*f - 0*f - 2*m, -5*f + 43 = -4*m. What is the greatest common factor of 44 and f?
11
Let s(k) = 4*k - 5. Let l be s(8). Suppose 2*x - l = -x. Calculate the highest common divisor of x and 36.
9
Let g = 61 - 58. What is the greatest common divisor of g and 33?
3
Suppose 0*d - d = 198. Let w = d - -135. Let k = -23 - w. What is the greatest common factor of 16 and k?
8
Let j = -35 - -124. Suppose -2*g - j = 2*q - 7*q, 3*q - 72 = -5*g. Calculate the greatest common factor of q and 95.
19
Suppose -3*w + 20 = 2*w. Suppose 214 = w*n - 62. What is the highest common divisor of 46 and n?
23
Let d(r) = 26*r + 2. Let y be d(2). Let k be 1*0/((-2)/2). Let f be 0 + (2 - k) + 34. What is the highest common divisor of f and y?
18
Let m be (-192)/(-15) - 2/(-10). Let k = 2 + m. Calculate the highest common factor of k and 15.
15
Suppose -3*k + p - 8 - 21 = 0, -3*k - 28 = -2*p. Let j(w) = w**3 + 9*w**2 - 12*w + 4. Let n be j(k). Calculate the greatest common divisor of n and 36.
12
Let h be ((-35)/28)/((-1)/4). Let x = h + -10. Let s be (x - 5)*(-3)/5. What is the greatest common factor of 18 and s?
6
Suppose 4 = -z + 17. Calculate the greatest common factor of 26 and z.
13
Let s be -34*(3 + (-5)/2). Let u = s - -19. Calculate the greatest common divisor of u and 2.
2
Let m = -5 + 10. Suppose -m*x = 3*o - 76, 3*o - x - 70 = -3*x. Suppose -3*i = 4*f - 123, -2*i + 114 + 45 = 5*f. What is the highest common divisor of o and f?
11
Let i = -14 + -18. Let y = i + 68. Let v = y + -14. Calculate the highest common divisor of v and 176.
22
Suppose 3*f - 504 = -3*g, -g - 2*g - 840 = -5*f. Calculate the highest common divisor of 21 and f.
21
Let t = -41 + 45. What is the greatest common divisor of t and 16?
4
Let q be 29/9 + 10/(-45). Calculate the highest common divisor of q and 24.
3
Let k be 7*2/4*2. Suppose k*g - 60 = 2*g. Let j be ((-8)/(-5))/(54/2025). What is the highest common factor of j and g?
12
Suppose -7 = -2*p + 53. Calculate the highest common factor of 20 and p.
10
Let s = 41 - 28. What is the greatest common factor of 104 and s?
13
Let v = -3 + -4. Let d = 4 - v. Let m be 1/2 + d/2. Calculate the highest common factor of 3 and m.
3
Suppose -2 = -4*r + 78. Let t = -6 + 11. Calculate the greatest common divisor of r and t.
5
Let i(n) = -n**3 + 3*n**2 + 2*n + 2. Let y be i(-2). What is the highest common factor of y and 12?
6
Let k = 6 - 1. Let p = -6 + 6. Suppose -5*j + 2 + 3 = p. Calculate the highest common divisor of j and k.
1
Let d(c) = c**2 + 1. Let r be d(-2). Suppose 3*i + 61 = 2*z + 6*i, -r*z - 3*i = -139. Let b = 45 + -6. Calculate the greatest common divisor of z and b.
13
Let w be 2 - (-4)/(-10) - (-4)/10. Calculate the highest common divisor of 14 and w.
2
Suppose 2*a - 11 = r, -4*r + 2*a - 14 = 6. Let j be 2/r*12/8. Let k be (-26)/(1/(j - 0)). What is the highest common divisor of k and 13?
13
Let y(v) = 8*v**2 + 2*v. Let w be y(2). Suppose -2*g = -i - 10, -2*g + g + 2*i = -2. Let q = 10 - g. Calculate the highest common factor of q and w.
4
Let s = 356 - 186. What is the highest common divisor of 17 and s?
17
Let n(l) = -l - 7. Let g be n(-14). Suppose h - 2*h + 4*p = -g, -4*p + 26 = 2*h. What is the highest common divisor of h and 44?
11
Let g be 20*(22/5 + -2). What is the greatest common divisor of g and 32?
16
Let o = -15 + 30. Let w = -199 - -364. What is the greatest common divisor of w and o?
15
Let w = 10 - 1. Calculate the highest common divisor of 72 and w.
9
Let q = -44 + 89. Suppose 2*m - 1 = 7. Suppose -m*j = -2*j - 18. What is the greatest common divisor of q and j?
9
Let l be ((-28)/(-12))/(2/6). Suppose -5*r + 156 = 4*o, 3*o - o = 2*r - 48. What is the greatest common factor of l and r?
7
Let g be 82 - (6 + -3)/3. Suppose -5*q - 54 = -8*q. Suppose -q = 3*s - 5*s. What is the greatest common factor of s and g?
9
Suppose 5*i - 313 = 212. What is the highest common divisor of i and 42?
21
Let s = -93 - -63. Let i = -12 - s. Suppose 0 = 2*t + t - 81. Calculate the greatest common factor of i and t.
9
Suppose 4*r - 11 = -5*b - 0*b, 0 = 3*b + 2*r - 7. Let o be ((-4)/(-3))/((-28)/(-21)). Calculate the highest common factor of b and o.
1
Suppose 37 = -j + 2*j + 2*q, 3*q = -2*j + 69. What is the highest common divisor of 9 and j?
9
Let b = 73 + -1. Calcula